?
9
What is the hundreds digit of 20162?
1
What is the hundreds digit of 148?
1
What is the tens digit of 26128?
2
What is the thousands digit of 11056?
1
What is the ten thousands digit of 21056?
2
What is the thousands digit of 11058?
1
What is the ten thousands digit of 42333?
4
What is the tens digit of 6639?
3
What is the tens digit of 31?
3
What is the units digit of 682?
2
What is the units digit of 279?
9
What is the units digit of 465?
5
What is the tens digit of 2132?
3
What is the thousands digit of 80545?
0
What is the thousands digit of 6926?
6
What is the tens digit of 744?
4
What is the units digit of 9106?
6
What is the thousands digit of 10953?
0
What is the units digit of 629?
9
What is the tens digit of 8695?
9
What is the units digit of 57831?
1
What is the hundreds digit of 21694?
6
What is the ten thousands digit of 10089?
1
What is the thousands digit of 21680?
1
What is the units digit of 34654?
4
What is the hundreds digit of 4936?
9
What is the tens digit of 71679?
7
What is the tens digit of 944?
4
What is the ten thousands digit of 42130?
4
What is the units digit of 5188?
8
What is the thousands digit of 1584?
1
What is the units digit of 234?
4
What is the hundreds digit of 6606?
6
What is the hundreds digit of 822?
8
What is the hundreds digit of 916?
9
What is the tens digit of 2731?
3
What is the tens digit of 6741?
4
What is the thousands digit of 17402?
7
What is the tens digit of 810?
1
What is the tens digit of 1346?
4
What is the tens digit of 42546?
4
What is the thousands digit of 48623?
8
What is the tens digit of 4187?
8
What is the thousands digit of 22107?
2
What is the units digit of 1313?
3
What is the thousands digit of 2360?
2
What is the tens digit of 16847?
4
What is the units digit of 6498?
8
What is the ten thousands digit of 28602?
2
What is the hundreds digit of 823?
8
What is the hundreds digit of 34316?
3
What is the units digit of 913?
3
What is the tens digit of 722?
2
What is the units digit of 20116?
6
What is the units digit of 479?
9
What is the units digit of 685?
5
What is the tens digit of 11505?
0
What is the units digit of 125?
5
What is the units digit of 2261?
1
What is the hundreds digit of 5685?
6
What is the tens digit of 2297?
9
What is the tens digit of 2296?
9
What is the hundreds digit of 31838?
8
What is the tens digit of 3704?
0
What is the ten thousands digit of 57126?
5
What is the hundreds digit of 17937?
9
What is the thousands digit of 3348?
3
What is the tens digit of 17162?
6
What is the thousands digit of 15314?
5
What is the ten thousands digit of 17760?
1
What is the hundreds digit of 16457?
4
What is the hundreds digit of 2790?
7
What is the units digit of 1360?
0
What is the units digit of 1804?
4
What is the hundreds digit of 2017?
0
What is the ten thousands digit of 44133?
4
What is the units digit of 1220?
0
What is the thousands digit of 8297?
8
What is the hundreds digit of 101339?
3
What is the hundreds digit of 110614?
6
What is the units digit of 12431?
1
What is the tens digit of 382?
8
What is the hundreds digit of 69616?
6
What is the hundreds digit of 66507?
5
What is the units digit of 2367?
7
What is the units digit of 482?
2
What is the units digit of 2279?
9
What is the thousands digit of 4282?
4
What is the ten thousands digit of 78270?
7
What is the thousands digit of 24288?
4
What is the units digit of 3448?
8
What is the thousands digit of 4482?
4
What is the hundreds digit of 300?
3
What is the thousands digit of 26888?
6
What is the hundreds digit of 180?
1
What is the tens digit of 6111?
1
What is the hundreds digit of 2481?
4
What is the thousands digit of 1120?
1
What is the units digit of 6471?
1
What is the units digit of 43332?
2
What is the units digit of 9542?
2
What is the units digit of 7875?
5
What is the thousands digit of 10460?
0
What is the units digit of 114489?
9
What is the units digit of 1197?
7
What is the tens digit of 7823?
2
What is the units digit of 1787?
7
What is the thousands digit of 44129?
4
What is the thousands digit of 1324?
1
What is the tens digit of 101249?
4
What is the tens digit of 27524?
2
What is the hundreds digit of 887?
8
What is the tens digit of 5632?
3
What is the units digit of 3436?
6
What is the tens digit of 32050?
5
What is the units digit of 1246?
6
What is the hundreds digit of 1728?
7
What is the units digit of 6?
6
What is the hundreds digit of 1361?
3
What is the tens digit of 1102?
0
What is the hundreds digit of 44964?
9
What is the tens digit of 53100?
0
What is the hundreds digit of 41259?
2
What is the tens digit of 4369?
6
What is the tens digit of 2605?
0
What is the units digit of 821?
1
What is the units digit of 9236?
6
What is the units digit of 3592?
2
What is the tens digit of 929?
2
What is the thousands digit of 1238?
1
What is the ten thousands digit of 77062?
7
What is the hundreds digit of 383?
3
What is the tens digit of 58945?
4
What is the thousands digit of 14102?
4
What is the units digit of 120489?
9
What is the ten thousands digit of 50388?
5
What is the tens digit of 23?
2
What is the hundreds digit of 367?
3
What is the ten thousands digit of 48590?
4
What is the ten thousands digit of 15254?
1
What is the ten thousands digit of 12819?
1
What is the hundreds digit of 7984?
9
What is the tens digit of 23703?
0
What is the hundreds digit of 38713?
7
What is the units digit of 511?
1
What is the units digit of 7410?
0
What is the units digit of 873?
3
What is the thousands digit of 1027?
1
What is the tens digit of 636?
3
What is the tens digit of 1104?
0
What is the tens digit of 22?
2
What is the thousands digit of 8532?
8
What is the tens digit of 18493?
9
What is the hundreds digit of 11194?
1
What is the tens digit of 63004?
0
What is the thousands digit of 45118?
5
What is the tens digit of 6748?
4
What is the thousands digit of 1246?
1
What is the hundreds digit of 16772?
7
What is the thousands digit of 129154?
9
What is the units digit of 286?
6
What is the thousands digit of 33940?
3
What is the hundreds digit of 617?
6
What is the tens digit of 36141?
4
What is the thousands digit of 74623?
4
What is the units digit of 58057?
7
What is the tens digit of 3748?
4
What is the units digit of 13739?
9
What is the tens digit of 10743?
4
What is the units digit of 1347?
7
What is the units digit of 10353?
3
What is the tens digit of 5510?
1
What is the ten thousands digit of 14054?
1
What is the units digit of 6800?
0
What is the tens digit of 690?
9
What is the ten thousands digit of 13605?
1
What is the units digit of 525?
5
What is the tens digit of 2077?
7
What is the thousands digit of 45349?
5
What is the tens digit of 1234?
3
What is the tens digit of 35851?
5
What is the hundreds digit of 5473?
4
What is the units digit of 7306?
6
What is the hundreds digit of 5099?
0
What is the tens digit of 1672?
7
What is the units digit of 3961?
1
What is the tens digit of 48415?
1
What is the hundreds digit of 2404?
4
What is the thousands digit of 46918?
6
What is the hundreds digit of 280?
2
What is the tens digit of 221?
2
What is the ten thousands digit of 91303?
9
What is the thousands digit of 5770?
5
What is the thousands digit of 29644?
9
What is the units digit of 1887?
7
What is the thousands digit of 32955?
2
What is the ten thousands digit of 21224?
2
What is the units digit of 9496?
6
What is the tens digit of 62834?
3
What is the units digit of 6126?
6
What is the hundreds digit of 5599?
5
What is the units digit of 1109?
9
What is the hundreds digit of 669?
6
What is the units digit of 417?
7
What is the units digit of 880?
0
What is the hundreds digit of 31123?
1
What is the thousands digit of 1466?
1
What is the tens digit of 5766?
6
What is the units digit of 94592?
2
What is the thousands digit of 10707?
0
What is the hundreds digit of 3579?
5
What is the units digit of 453?
3
What is the hundreds digit of 1364?
3
What is the units digit of 605?
5
What is the thousands digit of 13136?
3
What is the hundreds digit of 8210?
2
What is the units digit of 6575?
5
What is the ten thousands digit of 17055?
1
What is the tens digit of 5073?
7
What is the hundreds digit of 755?
7
What is the hundreds digit of 729?
7
What is the thousands